ors of r(m)?
2
Let o = 2474 - 1058. List the prime factors of o/42 - 4/(-14).
2, 17
Let u(m) = 9*m**2 + 77*m + 5. What are the prime factors of u(2)?
3, 5, 13
Suppose -2 = 4*a + 2*h, -4*h - 17 + 0 = -5*a. What are the prime factors of -3*a*2/(-1)?
2, 3
Suppose 0 = -n - 3*n - 8. Let l be (-3)/n + 4/8. What are the prime factors of 58/(1/(1/l))?
29
Let m = -32 - -43. Suppose -2*v + 65 = 3*v. Suppose v + m = j. List the prime factors of j.
2, 3
Let r(i) be the first derivative of -i**4/4 + 2*i**3 + i**2 - 2. Let b be r(6). Let x = b - 6. List the prime factors of x.
2, 3
Suppose 3*n - 15143 = 3421. List the prime factors of n.
2, 7, 13, 17
Let b(o) = -56*o + 8. Let k be b(2). Let f = k + 108. What are the prime factors of f?
2
Let z(q) = -4*q**3 - 8*q**2 - 23*q - 103. List the prime factors of z(-9).
2, 593
Let u(p) = 2*p**2 + 10*p - 70. What are the prime factors of u(-18)?
2, 199
Let r = -3 - -220. What are the prime factors of r?
7, 31
Let x(a) = a - 5. Suppose 0 = -2*u + 8, p - 11 - 3 = -4*u. Let d be x(p). Let g(z) = -z**3 - 7*z**2 + 2*z + 17. List the prime factors of g(d).
3
Let x be (0 + (-24)/(-4))/3. Suppose -3*g - 2*g - 258 = -3*t, 5*t - 449 = x*g. What are the prime factors of t?
7, 13
Let d be 2 - 0 - 3 - -3. Suppose -d*o - 60 = -4*o. List the prime factors of o.
2, 3, 5
Suppose -4*w = -8*w + 2108. List the prime factors of w.
17, 31
Let x(v) = -v**2 - 7*v - 4. Suppose 0 = j - 5*j - 20. Let n be x(j). Let f = 45 - n. What are the prime factors of f?
3, 13
Suppose 2269 = -46*d + 45141. What are the prime factors of d?
2, 233
Suppose -2*o - 3*o = -2*z + 205, 365 = 3*z + 4*o. Suppose 12*f = 7*f + z. What are the prime factors of f?
23
Suppose 3*z + 957 = 3405. What are the prime factors of z?
2, 3, 17
Let j be (-3)/((-15)/20) - 5. Suppose 0 = -4*l + 3*w - 28, 2*l = -w - 3 - 21. What are the prime factors of 3/5*j*l?
2, 3
Let u be 2/(-16)*2*4. Let m = 9 + u. List the prime factors of m.
2
Suppose -112*x = -111*x - 3502. What are the prime factors of x?
2, 17, 103
Suppose -g = 5*g + 516. Let d = -49 - g. What are the prime factors of d?
37
Let p = -62 - -65. What are the prime factors of p/2*12/1?
2, 3
Let a be (-63)/3 + 12/4. Let f = a + 18. Suppose f = 2*s - 0*s - 34. List the prime factors of s.
17
Suppose 0 = t - 5*t - 3*p + 8360, -5*t - 4*p + 10450 = 0. List the prime factors of t.
2, 5, 11, 19
Suppose -3*h = -0*u + 3*u + 30, 3*u - 2*h + 15 = 0. Let a(i) = -i**2 - 6*i + 5. Let d be a(u). What are the prime factors of (-26 + (3 - 3))/d?
13
Suppose -5*v + 2 + 23 = 0. Suppose -3*c - 2 = v*q - 0, -3*c = q + 10. List the prime factors of 1/(0 - c/12).
3
Let b = -11 - -6. Let c = 9 + b. Suppose t = c*t - 78. What are the prime factors of t?
2, 13
Let f = 19 + -123. Let x = 1 - f. Suppose -2*z + x = z. List the prime factors of z.
5, 7
Let q(v) = 4*v**2 - 2*v - 8. Let m be q(6). Suppose -3*s = -h - 5*s + 47, -2*h + 2*s + m = 0. What are the prime factors of h?
3, 19
Let d be (5 + (-94 - -3))/2. Suppose -206 = 3*x - 5*p, -5*p = 4*x - 0*p + 333. Let t = d - x. List the prime factors of t.
2, 17
Let j = -716 + 2267. What are the prime factors of j?
3, 11, 47
Let s(p) = 3*p**3 + 2*p - 3. Let z be (4 - 9)*(-10)/25. What are the prime factors of s(z)?
5
Suppose 12 = 11*d - 164. Suppose 3*z = 4*t + 253 + 282, 0 = 4*t + d. What are the prime factors of z?
173
Suppose 28*x - 11*x = 18054. What are the prime factors of x?
2, 3, 59
Let p(u) = -u**2 - 5*u - 2. Let s be p(-4). Suppose -l + 2 = r - 0, s*r = l + 1. List the prime factors of -20*l*2/(-8).
5
Let n(f) = -f**2 + 36. Let s(a) = 16*a + 5*a**2 + 2*a**3 - a**3 - 20*a + 8*a. Let r be s(-4). What are the prime factors of n(r)?
2, 3
Suppose -3374 + 12714 = 20*j. List the prime factors of j.
467
Let m(d) = 8 + 1 + 2*d - 3*d. Let q(l) = l**2 - 4*l - 8. Let y be q(6). List the prime factors of m(y).
5
Let m be 4*(-5)/((-20)/229). Suppose 5*n = -0*h - 2*h + 520, 0 = 2*n + 5*h - m. List the prime factors of n.
2, 3, 17
Let u(s) = s**3 + 19*s**2 - 24*s - 39. Let b be u(-20). Let q = -11 + b. What are the prime factors of q?
2, 3, 5
Let b = 38 - 226. Let o = b - -361. What are the prime factors of o?
173
Suppose 59*j = 63*j - 32. Suppose 2*l - x = 266, 2*l - 4*x + j*x = 276. List the prime factors of l.
2, 67
Suppose 15*p - 20 = 55. Suppose -2*b = 5*n - 191, 3*n = -p*b - 27 + 533. What are the prime factors of b?
103
Let p = -1743 - -6224. List the prime factors of p.
4481
Let d be -1*(1 - 3)*4. List the prime factors of d/(200/1485) - (-2)/(-5).
59
What are the prime factors of -1*4/14*-7014?
2, 3, 167
Suppose -2404 = -2*a + 516. What are the prime factors of a?
2, 5, 73
Let v be ((-2)/(-12)*15)/((-1)/(-22)). Suppose -2*s + 3*w = -154, -2*w + v = s + 2*w. List the prime factors of s.
71
Let t = 23 - 19. Suppose -t*x = -9*x - 45. List the prime factors of (-177)/x + (-6)/9.
19
Let s(v) = 8 - 4*v - 7*v + v. Let f(k) = 2*k + 23. Let j be f(-13). List the prime factors of s(j).
2, 19
Let y = -130 + -21. Let a = y + 316. What are the prime factors of a?
3, 5, 11
Suppose -2087 = -10*s + 5113. List the prime factors of s.
2, 3, 5
List the prime factors of 15/25 + (-3542)/(-55).
5, 13
Let l(k) = -12*k + 2. Suppose 0*m = m + 19. Let q = m - -17. What are the prime factors of l(q)?
2, 13
Let q be ((-126)/(-45))/(2/10). Suppose q = 4*c - 2*z, 3*c + 2 = z + 11. Suppose -k - c*k - 36 = -d, 4*d - 4*k - 136 = 0. What are the prime factors of d?
3, 11
Suppose -1115 = -5*b - 5*l, -2*l - 371 - 318 = -3*b. Suppose -t + 535 = 4*t - o, 2*t = 3*o + b. List the prime factors of t.
2, 53
Let n(s) = 2*s**3 - 14*s**2 + 19*s + 3. Let i be n(9). Suppose -2*t + 4*q = -i, -2*t - 192 = -3*q - 694. What are the prime factors of t?
257
Let t = -120 - -86. Let p = -29 - t. What are the prime factors of p?
5
Let y(x) = 59*x - 12. Let d be y(5). Let b = d + -202. Suppose b + 169 = 5*t. What are the prime factors of t?
2, 5
Suppose 5 = -c + w + 4, -5*c - 5*w + 35 = 0. Suppose -b + 3*l = 8*l - 72, -c*l = -b + 32. Let d = b - 24. List the prime factors of d.
23
Let p be (-174)/4 + (-4)/8. Let j = p + 84. List the prime factors of j.
2, 5
Let w(v) = v + 9. Let y be w(-7). Suppose -o + 5*u = -35, 0*u - y*u - 60 = -5*o. Let k(z) = z**2 - 10*z + 2. What are the prime factors of k(o)?
2
Let h = -6 + 4. Let k be 6/h*35/(-15). Suppose -240 = -k*n + 2*n. What are the prime factors of n?
2, 3
Suppose 0*c = -2*c + 8. Suppose 4 = h - 1, h - 561 = -c*q. What are the prime factors of q?
139
Suppose 2*o = -0 - 54. Let d = -6 + o. Let a = d - -68. What are the prime factors of a?
5, 7
Suppose -m - m = -90. Suppose -m = -7*c + 2*c. Suppose -c*i = -14*i + 140. List the prime factors of i.
2, 7
Suppose 0 = -4*t + 2*r + 706, 2*t - r = 6*t - 709. Let d = t + -89. What are the prime factors of d?
2, 11
Let x be (-46)/(-10) - (-18)/45. Suppose 5*q - 523 = -x*k + 27, 4 = -k. List the prime factors of q.
2, 3, 19
Suppose 255*s = 261*s - 1638. What are the prime factors of s?
3, 7, 13
Suppose -16497 = 164*i - 177*i. List the prime factors of i.
3, 47
Suppose 33 = p - 106. Suppose -x + p = 2*t + 2*x, -x = -t + 62. What are the prime factors of t?
5, 13
Suppose -s - 3*a + 15 = 6, -a + 16 = -4*s. Let n be s + (-12)/4 + 6. List the prime factors of (n + -1)*-4 - -2.
2, 3
Let n = 269 - 258. What are the prime factors of n?
11
List the prime factors of (24/5)/((-36)/(-14130)).
2, 3, 157
Let s = 24 - 21. Suppose -s*f + 13 = 4. Suppose -5*o - 138 + 15 = -2*m, -f*o - 279 = -5*m. List the prime factors of m.
2, 3
Let r be (12/(-3))/((-1)/8). Let u = r - 28. Suppose u*l = -16 + 188. List the prime factors of l.
43
Suppose -26*k + 27822 = -20*k. List the prime factors of k.
4637
Suppose 5*h = -v - 40 - 36, 4*h = 4*v + 184. What are the prime factors of -3 + v/(-3) - -2?
2
Let v = -202 + 1542. What are the prime factors of v?
2, 5, 67
Let u be 2/6 - 2/6. Suppose u = 5*s - 4*s - 4. Suppose -z = -5*d + 17, -3*d + 21 = -4*z + s. What are the prime factors of d?
3
Suppose 0 = -49*q + q + 131232. What are the prime factors of q?
2, 1367
Let h(v) = 10*v + 9. Let r be h(-11). Let w = 177 + r. List the prime factors of w.
2, 19
Let z be (-38)/(-10) + (-4)/(-20). List the prime factors of 150/z*32/24.
2, 5
Let u = 618 - 291. What are the prime factors of u?
3, 109
Suppose 2*q = 2*h - 